{"id":30,"date":"2025-04-08T20:31:44","date_gmt":"2025-04-08T20:31:44","guid":{"rendered":"https:\/\/yolovi.artes.udelar.edu.uy\/?page_id=30"},"modified":"2026-03-03T18:15:36","modified_gmt":"2026-03-03T18:15:36","slug":"todo-esta-bien","status":"publish","type":"page","link":"https:\/\/yolovi.artes.udelar.edu.uy\/?page_id=30","title":{"rendered":"Quienes somos"},"content":{"rendered":"\t\t<div data-elementor-type=\"wp-page\" data-elementor-id=\"30\" class=\"elementor elementor-30\">\n\t\t\t\t<div class=\"elementor-element elementor-element-5f0b436 e-flex e-con-boxed e-con e-parent\" data-id=\"5f0b436\" data-element_type=\"container\" data-e-type=\"container\">\n\t\t\t\t\t<div class=\"e-con-inner\">\n\t\t\t\t<div class=\"elementor-element elementor-element-2763d34 elementor-widget__width-inherit elementor-widget elementor-widget-text-editor\" data-id=\"2763d34\" data-element_type=\"widget\" data-e-type=\"widget\" data-widget_type=\"text-editor.default\">\n\t\t\t\t<div class=\"elementor-widget-container\">\n\t\t\t\t\t\t\t\t\t<p><span style=\"color: #000000;\"><strong>Ana Laura L\u00f3pez de la Torre<\/strong>\u00a0(1969, Montevideo)<\/span><br \/>Artista, escritora, educadora.<\/p><p>Master en Artes en el Central St Martins College of Art &amp; Design, Universidad de las Artes Londres, Reino Unido<br \/>T\u00e9cnico Superior en Artes de la Escultura, Escuela de Artes Aplicadas y Oficios Art\u00edsticos N\u00ba 1 Madrid, Espa\u00f1a<br \/>Profesora Titular Facultad de Artes, Universidad de la Rep\u00fablica<\/p><p>Dentro de su trayectoria art\u00edstica ha presentado obras y realizado proyectos para instituciones art\u00edsticas en Europa y Am\u00e9rica Latina, como La Casa Encendida, Tate Modern, Tate Britain, Gasworks, Whitechapel Gallery, la 9\u00aa Bienal del Mercosur, el CDF, el EAC y el Goethe Institut de Montevideo. Profesora Adjunta en la University of the Arts London (2009-2012) y en la Universidad del Trabajo en la Universidad Cat\u00f3lica del Uruguay (2013-2015). Fue Directora del Centro Cultural Florencio S\u00e1nchez (2015-2017) y durante una d\u00e9cada ejerci\u00f3 la docencia en FPB (Formaci\u00f3n Profesional B\u00e1sica UTU) en las Escuelas T\u00e9cnicas Cerro y Malv\u00edn Norte. Fue coordinadora del Posgrado de Especializaci\u00f3n en Gesti\u00f3n Cultural de la Universidad de la Rep\u00fablica. Actualmente coordina tres plataformas integrales en la Universidad de la Rep\u00fablica: ACTO (Arte, Comunidad y Territorios Organizados), Naturaleza, Sociedad y Arte (Malvin Norte) y Yo lo vi: politicas visuales de los movimientos de derechos humanos.<\/p><p>\u00a0<\/p><p><span style=\"color: #000000;\"><strong>Francesca Cassariego<\/strong>\u00a0(1975, Mil\u00e1n)<\/span><br \/>Doctoranda en Arte por la Facultad de Arte, UNLP, Argentina. Magister en Arte y Cultura Visual por la Facultad de Artes, Udelar. Es docente de la Facultad de Artes, UDELAR y directora cofundadora de Tenemos Que Ver, Festival Internacional de Cine y Derechos Humanos de Uruguay.\u00a0<\/p><p>En 2025 expone Aunque no lo recuerde en Porto Alegre, Brasil. En 2024 recibe el Gran Premio Adquisici\u00f3n del MEC del Premio Nacional de Artes Visuales Clever Lara. En 2023 realiza su primera exposici\u00f3n individual en la sala 6 del EAC y es seleccionada en el 51\u00ba Premio Montevideo de las Artes Visuales. A su vez, participa de la exposici\u00f3n colectiva Presencias ausente junto al colectivo Jacarand\u00e1. Cultura de la Memoria como artista y curadora. Es seleccionada en el 59\u00ba Premio Nacional de Artes Visuales Margaret Whyte.\u00a0<br \/>Participa en grupos de investigaci\u00f3n y extensi\u00f3n, en la C\u00e1tedra Unesco de Udelar, y es integrante del Grupo Interdisciplinario de Mujeres sobre Memoria en Uruguay (GIMUR). Tambi\u00e9n ha trabajado como productora audiovisual y ha sido jurado en diferentes festivales de cine. Es a su vez, activista, dise\u00f1adora gr\u00e1fica y gestora cultural.<\/p><p>\u00a0<\/p><p><span style=\"color: #000000;\"><strong>Pilar Gonz\u00e1lez\u00a0<\/strong>(1991, Uruguay)<\/span><br \/>Maestranda en Estudios Latinoamericanos por la Facultad de Humanidades y Ciencias de la Educaci\u00f3n (Udelar).<br \/>Licenciada en Artes Pl\u00e1sticas y Visuales por la Facultad de Artes (Udelar).<br \/>Docente ayudante del Taller L\u00f3pez de la Torre (Facultad de Artes, Udelar).<br \/>Ha trabajado como mediadora art\u00edstica en distintas instituciones (EAC, Proyecto CasaMario, Bienal de Montevideo).\u00a0<\/p>\t\t\t\t\t\t\t\t<\/div>\n\t\t\t\t<\/div>\n\t\t\t\t\t<\/div>\n\t\t\t\t<\/div>\n\t\t\t\t<\/div>\n\t\t","protected":false},"excerpt":{"rendered":"<p>Ana Laura L\u00f3pez de la Torre\u00a0(1969, Montevideo)Artista, escritora, educadora. Master en Artes en el Central St Martins College of Art [&hellip;]<\/p>\n","protected":false},"author":1,"featured_media":0,"parent":0,"menu_order":0,"comment_status":"closed","ping_status":"closed","template":"","meta":{"site-sidebar-layout":"no-sidebar","site-content-layout":"","ast-site-content-layout":"full-width-container","site-content-style":"default","site-sidebar-style":"default","ast-global-header-display":"","ast-banner-title-visibility":"","ast-main-header-display":"","ast-hfb-above-header-display":"","ast-hfb-below-header-display":"","ast-hfb-mobile-header-display":"","site-post-title":"disabled","ast-breadcrumbs-content":"","ast-featured-img":"disabled","footer-sml-layout":"","ast-disable-related-posts":"","theme-transparent-header-meta":"","adv-header-id-meta":"","stick-header-meta":"","header-above-stick-meta":"","header-main-stick-meta":"","header-below-stick-meta":"","astra-migrate-meta-layouts":"default","ast-page-background-enabled":"default","ast-page-background-meta":{"desktop":{"background-color":"var(--ast-global-color-5)","background-image":"","background-repeat":"repeat","background-position":"center center","background-size":"auto","background-attachment":"scroll","background-type":"","background-media":"","overlay-type":"","overlay-color":"","overlay-opacity":"","overlay-gradient":""},"tablet":{"background-color":"","background-image":"","background-repeat":"repeat","background-position":"center center","background-size":"auto","background-attachment":"scroll","background-type":"","background-media":"","overlay-type":"","overlay-color":"","overlay-opacity":"","overlay-gradient":""},"mobile":{"background-color":"","background-image":"","background-repeat":"repeat","background-position":"center center","background-size":"auto","background-attachment":"scroll","background-type":"","background-media":"","overlay-type":"","overlay-color":"","overlay-opacity":"","overlay-gradient":""}},"ast-content-background-meta":{"desktop":{"background-color":"var(--ast-global-color-4)","background-image":"","background-repeat":"repeat","background-position":"center center","background-size":"auto","background-attachment":"scroll","background-type":"","background-media":"","overlay-type":"","overlay-color":"","overlay-opacity":"","overlay-gradient":""},"tablet":{"background-color":"var(--ast-global-color-4)","background-image":"","background-repeat":"repeat","background-position":"center center","background-size":"auto","background-attachment":"scroll","background-type":"","background-media":"","overlay-type":"","overlay-color":"","overlay-opacity":"","overlay-gradient":""},"mobile":{"background-color":"var(--ast-global-color-4)","background-image":"","background-repeat":"repeat","background-position":"center center","background-size":"auto","background-attachment":"scroll","background-type":"","background-media":"","overlay-type":"","overlay-color":"","overlay-opacity":"","overlay-gradient":""}},"footnotes":""},"class_list":["post-30","page","type-page","status-publish","hentry"],"_links":{"self":[{"href":"https:\/\/yolovi.artes.udelar.edu.uy\/index.php?rest_route=\/wp\/v2\/pages\/30","targetHints":{"allow":["GET"]}}],"collection":[{"href":"https:\/\/yolovi.artes.udelar.edu.uy\/index.php?rest_route=\/wp\/v2\/pages"}],"about":[{"href":"https:\/\/yolovi.artes.udelar.edu.uy\/index.php?rest_route=\/wp\/v2\/types\/page"}],"author":[{"embeddable":true,"href":"https:\/\/yolovi.artes.udelar.edu.uy\/index.php?rest_route=\/wp\/v2\/users\/1"}],"replies":[{"embeddable":true,"href":"https:\/\/yolovi.artes.udelar.edu.uy\/index.php?rest_route=%2Fwp%2Fv2%2Fcomments&post=30"}],"version-history":[{"count":33,"href":"https:\/\/yolovi.artes.udelar.edu.uy\/index.php?rest_route=\/wp\/v2\/pages\/30\/revisions"}],"predecessor-version":[{"id":373,"href":"https:\/\/yolovi.artes.udelar.edu.uy\/index.php?rest_route=\/wp\/v2\/pages\/30\/revisions\/373"}],"wp:attachment":[{"href":"https:\/\/yolovi.artes.udelar.edu.uy\/index.php?rest_route=%2Fwp%2Fv2%2Fmedia&parent=30"}],"curies":[{"name":"wp","href":"https:\/\/api.w.org\/{rel}","templated":true}]}}